ase 11
1032437
What is 3ee4c (base 15) in base 5?
22433342
What is 7581b8 (base 15) in base 3?
101112022110202
What is -40360 (base 8) in base 9?
-24721
Convert 1010110111110111001111 (base 2) to base 3.
12100210211000
-3a0012 (base 14) to base 9
-3674228
What is 51a0a (base 13) in base 8?
436416
What is 21850173 (base 9) in base 13?
2273001
6799 (base 13) to base 14
53d1
6e935 (base 16) to base 13
12b1ca
-539a4a1 (base 11) to base 8
-44140450
What is 1004116 (base 7) in base 13?
42283
119bc4b (base 13) to base 15
7341c4
What is 271885 (base 10) in base 9?
453854
What is 30125037 (base 8) in base 15?
85208c
Convert -1332222030 (base 4) to base 6.
-15041500
What is -204401444 (base 6) in base 2?
-1101101001011000000100
208915 (base 10) to base 15
41d7a
-189c238 (base 13) to base 12
-2858587
-32143245 (base 6) to base 4
-3213022031
Convert -1665345 (base 8) to base 4.
-1312223211
What is 1010011011010011010011 (base 2) in base 12?
ab9903
Convert -10442515 (base 6) to base 5.
-40114342
-121b4b (base 12) to base 15
-5c035
What is -5ca75 (base 13) in base 7?
-1311261
Convert -6885 (base 12) to base 8.
-26545
What is -257bd (base 14) in base 5?
-10421331
Convert -2755a9 (base 15) to base 9.
-3502316
2305894 (base 10) to base 5
1042242034
What is 400749 (base 10) in base 3?
202100201120
What is -202212213 (base 4) in base 9?
-235373
322254233 (base 6) to base 15
77d516
What is -8b5a75 (base 13) in base 6?
-154401114
What is 22213013231 (base 4) in base 12?
b21925
What is 65b1d9 (base 15) in base 8?
22372521
Convert b6b8a (base 13) to base 8.
1203156
11001111111111001010 (base 2) to base 5
204230124
What is -41002240 (base 5) in base 10?
-328445
What is 1101101011110011 (base 2) in base 3?
2211212222
Convert 22a04 (base 12) to base 10.
46372
Convert -6a372 (base 14) to base 4.
-333021000
What is -810780 (base 16) in base 11?
-4856191
227640 (base 8) to base 9
127554
What is 254011343 (base 6) in base 3?
100022100021000
Convert -706661 (base 12) to base 14.
-338c77
What is -6ab62 (base 12) in base 7?
-1134641
84170 (base 11) to base 5
12411100
Convert 3332425 (base 6) to base 11.
105065
What is -2041002 (base 5) in base 4?
-20101111
2012212321 (base 4) to base 16
869b9
Convert 13102106 (base 7) to base 11.
74610a
251559 (base 10) to base 14
67967
Convert 42402350 (base 6) to base 11.
780203
What is 2256823 (base 12) in base 5?
3141203414
b98615 (base 16) to base 15
11027aa
What is -20011202022 (base 3) in base 6?
-2334442
What is 30548 (base 13) in base 14?
237ac
What is a76bbb (base 12) in base 3?
11222102000222
What is -ec4a (base 15) in base 5?
-3100040
3034102 (base 8) to base 15
10c43e
What is -11259d (base 14) in base 8?
-2162277
What is 320273 (base 9) in base 14?
4d5cd
523026 (base 7) to base 2
10101111100011110
What is 100101101100011 (base 2) in base 3?
222110210
What is -10dc87 (base 16) in base 12?
-45359b
Convert 2a3ce3 (base 15) to base 14.
3b0a22
Convert 10200200011102 (base 3) to base 8.
7367602
1412432030 (base 5) to base 9
6756574
What is 1544253 (base 6) in base 5?
10413224
Convert -2d1268 (base 16) to base 7.
-34051520
-5484807 (base 9) to base 7
-34033003
What is -453513331 (base 6) in base 5?
-4111032223
Convert 233003 (base 7) to base 16.
a379
Convert -4651414 (base 7) to base 3.
-1002200002101
What is 110200002002 (base 3) in base 7?
2056016
-110314032 (base 5) to base 7
-4034165
What is -150481 (base 10) in base 8?
-445721
What is 2640915 (base 10) in base 14?
4ca60b
Convert 12210436 (base 7) to base 12.
449887
Convert -352025025 (base 6) to base 13.
-147a9a0
Convert -41b76 (base 13) to base 5.
-12242042
Convert -1224826 (base 10) to base 14.
-23c518
-169888 (base 15) to base 3
-2001122122102
What is 100001100000100011 (base 2) in base 3?
20222021101
8ac81 (base 14) to base 7
2603121
Convert 4501640 (base 7) to base 11.
34a225
970453 (base 15) to base 2
11011011011010011100000
What is 35414133 (base 6) in base 12?
454349
Convert -5ac5 (base 13) to base 16.
-3224
What is 921e8 (base 16) in base 12?
24a434
Convert 10102202022 (base 3) to base 4.
100200200
What is 156a4d (base 14) in base 5?
142422042
11300211012 (base 4) to base 12
609806
Convert -12021221002101 (base 3) to base 6.
-140144231
What is 844835 (base 14) in base 12?
15b617b
What is 1211121101 (base 3) in base 7?
210301
57de5 (base 15) to base 10
279890
197056 (base 12) to base 10
447618
-22111012030 (base 4) to base 9
-5076424
-d52b (base 14) to base 10
-36691
516e98 (base 15) to base 4
32301011003
Convert -750892 (base 10) to base 14.
-157912
73a673 (base 11) to base 10
1185396
Convert -10011101101000001011101 (base 2) to base 4.
-103231001131
Convert -850077 (base 11) to base 8.
-5143441
12706312 (base 8) to base 5
1212312330
Convert -1340ee (base 16) to base 4.
-10310003232
What is -500342 (base 8) in base 2?
-101000000011100010
What is 110000111000010100 (base 2) in base 13?
7018c
-4028994 (base 11) to base 6
-412433022
Convert 5265015 (base 7) to base 4.
2123300220
631570 (base 8) to base 10
209784
Convert 3352721 (base 10) to base 9.
6270055
What is -1288849 (base 10) in base 7?
-13645402
819498 (base 10) to base 4
3020010222
Convert -10120121002101 (base 3) to base 13.
-517537
What is -31705161 (base 8) in base 5?
-3214120044
-35226 (base 14) to base 7
-1046146
What is 10340055 (base 6) in base 2?
1001011010100000011
-2545984 (base 10) to base 12
-a29454
What is 4768041 (base 9) in base 11?
1505722
Convert 231314 (base 9) to base 3.
21001100111
-7b8895 (base 14) to base 12
-14b0b03
8376251 (base 9) to base 13
c0aa08
Convert 156282a (base 11) to base 4.
22023130210
Convert ed3aa (base 16) to base 10.
971690
-754625 (base 8) to base 7
-2100411
Convert 11022201210100 (base 3) to base 7.
25346463
What is 3010854 (base 9) in base 4?
12013000231
What is 112102113 (base 4) in base 8?
262227
Convert 30322221 (base 4) to base 9.
80513
1524ba (base 13) to base 6
15044133
What is 11323333 (base 4) in base 3?
1020100201
Convert 1100001110010110000 (base 2) to base 6.
12330240
What is -7528d (base 14) in base 10?
-283149
Convert 411135 (base 7) to base 15.
15b4c
Convert -1122202122222 (base 3) to base 11.
-551aa6
Convert 11010102101 (base 3) to base 13.
2ac82
Convert -100111111100111101011101 (base 2) to base 16.
-9fcf5d
What is -236c9 (base 13) in base 9?
-108012
Convert 220302254 (base 6) to base 16.
3c2a3a
Convert 471154 (base 15) to base 16.
33cfe2
What is 1423350 (base 6) in base 7?
455361
-1244040 (base 5) to base 13
-b440
144534 (base 14) to base 11
4405a7
What is -42d6e (base 15) in base 2?
-110011110100110111
1895b (base 14) to base 12
30005
13023300211 (base 4) to base 14
370405
What is -61947 (base 10) in base 12?
-2ba23
49dbe (base 15) to base 14
61dd9
Convert 1100131 (base 5) to base 2.
100100101100111
What is 1acc15 (base 13) in base 3?
1021211001222
What is -5422463 (base 8) in base 2?
-101100010010100110011
1323324421 (base 5) to base 13
8cbc6c
Convert -57200754 (base 8) to base 11.
-6aa0424
What is 23101133232 (base 4) in base 15?
3d5966
What is -131431104 (base 7) in base 6?
-500350030
What is 213013 (base 7) in base 3?
1212211101
Convert -208964 (base 16) to base 13.
-59873c
Convert 5055003 (base 7) to base 8.
2227560
Convert -1004bb9 (base 12) to base 2.
-1011011011000110111101
-1000011100011010010 (base 2) to base 13
-98c2b
-26344454 (base 9) to base 2
-110001011100010111110000
What is -1045051 (base 7) in base 14?
-35028
7569b (base 14) to base 7
2261554
What is 1220234220 (base 5) in base 14?
556858
What is -6330838 (base 9) in base 4?
-30322230233
Convert -100000001000111011110110 (base 2) to base 4.
-200020323312
What is 70645162 (base 8) in base 16?
e34a72
What is -129b6a (base 13) in base 8?
-1557127
What is -3200112020 (base 4) in base 14?
-19cc52
-1160185 (base 13) to base 16
-51ef92
-331b4 (base 13) to base 16
-169ae
-23453426 (base 8) to base 15
-6b6337
What is -576025 (base 9) in base 14?
-8dd17
Convert b570 (base 12) to base 11.
13981
45307 (base 12) to base 15
1c3ed
Convert -1043003 (base 6) to base 9.
-80003
Convert 240781 (base 9) to base 7.
1142455
-1010745 (base 8) to base 15
-5406a
What is -7a783 (base 12) in base 15?
-336c9
What is 100101010101110001 (base 2) in base 13?
54800
Convert -a80c (base 14) to base 2.
-111000101011100
